igit of n(m)?
9
Let f(d) = -3*d**3 + 3*d**2 + 6*d + 3. Suppose 154 - 174 = 5*h. Let c be f(h). Let p = -129 + c. What is the tens digit of p?
9
Suppose 5*l = -2*b + 54003, 185*l + 21594 = 187*l + 2*b. What is the tens digit of l?
0
Suppose -7*m - 2*p = -261137, -5*m + 3*p + 149217 = -m. What is the thousands digit of m?
7
Let j(g) = 6*g - 34. Let h be j(15). Suppose 6*b - 7*b - v + 48 = 0, -h = -b + v. What is the units digit of b?
2
Let w be -7 - (29/(-1) - -15). Let h(b) be the second derivative of b**3 + 11*b**2 + b. What is the units digit of h(w)?
4
Let a = 7 + -4. Let u(d) = -10*d - 10. Let p be u(-8). Suppose a*c - 226 = -p. What is the units digit of c?
2
Let j = -688 + 717. Suppose j*d + 6426 = 32961. What is the hundreds digit of d?
9
Let r be (-4671)/(-81) - ((-8)/(-6))/2. Suppose -4*t + r = 13. What is the units digit of t?
1
Let c(s) = -29*s - 37. Let y(i) = -15*i - 19. Suppose 3*k = -0*k + 6, 32 = 5*z + k. Let r(b) = z*c(b) - 10*y(b). What is the units digit of r(-8)?
0
Let m(u) = 4746*u**2 + 9*u - 14. What is the thousands digit of m(-2)?
8
Suppose 3*r - 62253 = -3*n, 169*n - 5*r - 103785 = 164*n. What is the tens digit of n?
5
Suppose -5*h = 0, 2*f + h + h = 8. Suppose v - 2*o - 630 = -612, 5*o = -20. Suppose f*x - v = 558. What is the hundreds digit of x?
1
Let v(d) = -d**2 - 9*d - 8. Let p be v(-8). Suppose -5*n + 762 + 245 = 4*q, 4*n - q - 793 = p. What is the tens digit of n?
9
Let q = 17766 + -9624. What is the units digit of q?
2
Let u be 3/(-45) + (-92742)/45. Let d = u + 3945. What is the hundreds digit of d?
8
Suppose -7*b + 540 = -5*b. Suppose -3*c = -c, f - 2*c = b. What is the hundreds digit of f?
2
Suppose 127*o + 2399671 - 5639574 - 3736334 = 0. What is the hundreds digit of o?
9
Let g(t) = t - 22. Let p be g(14). Let s be p/((-2)/(60/3)). Suppose 4*c = s + 104. What is the tens digit of c?
4
Suppose 2*t = -2 + 6, 0 = r - 10*t - 36022. What is the hundreds digit of r?
0
What is the hundreds digit of (24/(-30))/((-3)/(-5)) - (-289016)/24?
0
Suppose 36 = b + 11*b. Suppose -13*m = b*m - 6720. What is the units digit of m?
0
Suppose -c + 0*c + 924 = 5*d, 2*d = -5*c + 388. Suppose -d = q - 591. What is the tens digit of q?
0
Suppose 2*t - 28 = -4*f, -3*t + t - 2 = -2*f. Suppose -3*l = 4*q - 3460, -2*l + 2288 = -f*q + 3*q. What is the tens digit of l?
4
What is the ten thousands digit of 8*(6 - 8) - -41719?
4
Let g(t) = -2*t - 5. Let s be g(-4). Suppose 3*c - 3*q = 315, -2*q = -4*c - 43 + 453. Suppose 0 = -s*n + 152 + c. What is the units digit of n?
4
Let m be (-51)/(-4)*45640/105. Suppose 117*y = 134*y - m. What is the hundreds digit of y?
3
Let c be 8/14 - 6/(-70)*5. Let h(y) = 833*y**2 - 2*y - 1. What is the tens digit of h(c)?
3
Suppose 0 = -117*z + 121*z - 4248. Let d = z - 691. What is the hundreds digit of d?
3
Let s(t) = -t**3 + 38*t**2 - 35*t - 71. Let z be s(37). Suppose -3*j + 8*j = z*i + 1010, j - 2*i = 195. What is the hundreds digit of j?
2
Let q = -210 - -413. Let a = q + -82. Suppose a = -3*y + 565. What is the units digit of y?
8
Let l(w) = w**3 + 11*w**2 - 7*w + 63. Let d be l(-12). Suppose 5*z + 1145 = h, -4*z = 5*h - d*z - 5803. What is the tens digit of h?
6
Let v(c) = -187*c - 227. Let b(m) = 3*m**2 - 21*m + 8. Let i be b(6). What is the hundreds digit of v(i)?
6
Let q(o) = -o**2 - 5*o - 4. Let x be q(-1). Suppose 4*i - 7 = 9, x = 4*w - 4*i + 32. What is the tens digit of 9/(-3) + 123 + w?
1
Let k be -3 - ((-1)/(-3))/(3/9). Let u be (3/(-2 - -3))/(-5 - k). What is the tens digit of (2 + (0 - -4))*(-8)/u?
1
Let b be (15/10 + -2)/((-2)/20). Suppose -b*k + 351 = -329. What is the units digit of k?
6
Let x be 1 + 111/(-21) - (-4)/14. Let l be ((-308)/(-33))/(x/(-6)). What is the tens digit of 609/l + (-2)/4?
4
Suppose -270*j + 13970827 = 127*j. What is the thousands digit of j?
5
Let h(p) = 7*p - 6 + 0*p**2 - 3*p**2 - 3*p**2 + 4*p**2. Let x be h(4). What is the units digit of (-5)/x*4 + 56?
8
Suppose 20 = 2*q + 50. Let d be 5/(q/6) - -1. Let b(z) = -164*z**3 - 2*z**2 - z + 1. What is the tens digit of b(d)?
6
Suppose -2*h + 3*t + 3 = -2*t, t - 3 = 4*h. Let b(d) = 2*d**3 - 57*d**2 - 372*d + 31. Let w be b(-6). What is the tens digit of (w/6)/(h/(-3))*-2?
2
Suppose -7*v = -0*v - 126. Let m be (-33)/(-2)*192/v. Let a = m + -112. What is the tens digit of a?
6
Let g = 15187 + 1474. What is the tens digit of g?
6
Suppose -22*w + 19*w + 16290 = 0. What is the units digit of (4/6)/(5/(w/4))?
1
Let k(h) = -8*h + 37. Let g be k(-26). Let i = g - 444. Let p = i - -346. What is the units digit of p?
7
Let g(a) = 1 + 8*a + 3 - 21*a - 3*a**2 + 2*a**2. Let t be 2 - 24*(-7)/(-21). What is the units digit of g(t)?
6
Let z(y) = y**2 + 11*y + 22. Let b be z(-9). Suppose -5*k + 12 = -9*k + 4*g, 2*k = -b*g. What is the tens digit of k*116/32*-4?
2
Let m(f) be the first derivative of -f**4/2 - 13*f**3/3 + f**2/2 + f - 75. What is the tens digit of m(-9)?
9
Let g(i) be the first derivative of i**3/3 - 8*i**2 - 13*i - 20. What is the units digit of g(19)?
4
Let y(i) = 165*i**2 + 6*i - 5. Let r = 286 + -283. What is the hundreds digit of y(r)?
4
Let b(o) = o**2 - 6*o - 8. Let f be b(6). Let x be 4 + f*(-3)/(-6). Suppose -68*q + 66*q + 146 = x. What is the units digit of q?
3
Let x = 32509 - 18096. What is the tens digit of x?
1
Let g = 69 - 63. Suppose 0 = g*l - 34 + 10. Suppose -8*z + l*z + 16 = 0. What is the units digit of z?
4
Suppose 3*p - 6*p = 420. Suppose 38*j - 4472 = 5066. Let d = p + j. What is the units digit of d?
1
Suppose -28*u = 31*u - 17346. Suppose 0 = 286*g - u*g + 14536. What is the thousands digit of g?
1
Suppose 213 = -5*n + 13. Let f = -20 - n. Suppose f + 294 = 2*g. What is the tens digit of g?
5
Let r = 3100 + -2061. Let n = r - -111. What is the thousands digit of n?
1
Let i(h) = 3*h - 26. Let b be i(8). Let l be (-10)/(-4)*(2 + (-2 - b)). Suppose -g + 621 = l*u, 0 = g - 0*g - 1. What is the units digit of u?
4
Let y(c) be the first derivative of 16*c + 5*c**2 + 1/3*c**3 + 40. What is the hundreds digit of y(8)?
1
What is the hundreds digit of (30 - 5)/((6 + (-263384)/43896)*-3)?
7
Let i(b) = 26*b + 26*b - 40 - 72*b. What is the hundreds digit of i(-25)?
4
Let a(k) = 15*k**2 - 12*k - 3. Let h(i) = 16*i**2 - 13*i - 3. Let w(x) = 6*a(x) - 5*h(x). Let y be w(6). Suppose -o - 6*o = -y. What is the units digit of o?
5
Let x be -1 - -7 - (-2 - -6). Suppose 0 = 4*v + x*t - 6936, 2*v + 2*v + 5*t = 6948. What is the units digit of v?
2
Let t be (10/(-8))/(3/48). What is the tens digit of (-1)/(-4) - 5/t*731?
8
Let x(d) = d**3 + 47*d**2 - 76*d - 27. What is the thousands digit of x(-16)?
9
Let b(j) = 8*j**2 - 34*j + 515. What is the ten thousands digit of b(52)?
2
What is the hundreds digit of ((-181318)/4 + -3)*3/(195/(-26))?
1
Let q = -145 + 189. What is the units digit of (-1)/(-2) - (-4070)/q?
3
Let n = -13 - -18. Suppose -n*i + 3626 = 9*i. What is the hundreds digit of i?
2
Suppose 0 = -d - 2*g + 8, 2*d + 17 = 5*g - 3. Suppose d = -4*n + 1159 + 497. What is the units digit of n?
4
What is the hundreds digit of ((-1)/4 - (-426678)/(-8))*11/(-55)?
6
Let v = 94379 + -49095. What is the units digit of v?
4
Let y be 60/45*867/2. Suppose 5*w - 7*w = -y. Suppose w - 49 = s. What is the hundreds digit of s?
2
Suppose 8*n = -3 + 83. Let s(r) be the first derivative of -r**4/4 + 10*r**3/3 + 7*r**2 + 9*r + 2. What is the hundreds digit of s(n)?
1
Let y(v) be the third derivative of 0 - 119/24*v**4 + 0*v + 7/6*v**3 - 25*v**2. What is the tens digit of y(-1)?
2
Let o(y) be the first derivative of -y**4/4 + y**2/2 - 9*y + 9. Let s be o(-8). Suppose 10*h - 5*h = s. What is the units digit of h?
9
Let g(v) = -2*v**3 + 114*v**2 - 47*v - 118. What is the hundreds digit of g(56)?
5
Suppose 31*v - 19942 = 18*v. Suppose -d - v = -2*y, 2*y + 3*d - 1555 = -5. What is the units digit of y?
9
Let n = -3 + 31. Let l be (-17 - 56/(-4))*9. Let b = n + l. What is the units digit of b?
1
Let x(l) = -l**3 + 17*l**2 - 15*l + 1. Let s be x(16). Suppose 23*f = s*f + 72. Suppose 3*r = 4*c - 141, 4*c = 5*r + f + 135. What is the tens digit of c?
3
Let h = -31 + 1273. Let k = -607 + h. What is the hundreds digit of k?
6
Suppose -217*u = 100*u - 41*u - 1932. Let p be (-11)/(-2) + (-2)/(-4). Suppose -703 = -p*f - u. What is the tens digi